{"id":15166,"date":"2026-03-30T15:43:20","date_gmt":"2026-03-30T14:43:20","guid":{"rendered":"https:\/\/www.domainedubuc.com\/cordes-y-las-bastidas\/"},"modified":"2026-03-30T15:43:22","modified_gmt":"2026-03-30T14:43:22","slug":"cordes-y-las-bastidas","status":"publish","type":"page","link":"https:\/\/www.domainedubuc.com\/es\/cordes-y-las-bastidas\/","title":{"rendered":"Cordes y las Bastidas"},"content":{"rendered":"\t\t<div data-elementor-type=\"wp-page\" data-elementor-id=\"15166\" class=\"elementor elementor-15166 elementor-12853\" data-elementor-post-type=\"page\">\n\t\t\t\t<div class=\"elementor-element elementor-element-20b062d e-flex e-con-boxed e-con e-parent\" data-id=\"20b062d\" data-element_type=\"container\" data-e-type=\"container\">\n\t\t\t\t\t<div class=\"e-con-inner\">\n\t\t\t\t<div class=\"elementor-element elementor-element-95aca1d elementor-widget elementor-widget-heading\" data-id=\"95aca1d\" data-element_type=\"widget\" data-e-type=\"widget\" data-widget_type=\"heading.default\">\n\t\t\t\t<div class=\"elementor-widget-container\">\n\t\t\t\t\t<h2 class=\"elementor-heading-title elementor-size-default\">Cordes-sur-ciel, uno de los pueblos m\u00e1s bonitos de Francia<\/h2>\t\t\t\t<\/div>\n\t\t\t\t<\/div>\n\t\t\t\t\t<\/div>\n\t\t\t\t<\/div>\n\t\t<div class=\"elementor-element elementor-element-62b3ea6 e-flex e-con-boxed e-con e-parent\" data-id=\"62b3ea6\" data-element_type=\"container\" data-e-type=\"container\">\n\t\t\t\t\t<div class=\"e-con-inner\">\n\t\t<div class=\"elementor-element elementor-element-b944462 e-con-full e-flex e-con e-child\" data-id=\"b944462\" data-element_type=\"container\" data-e-type=\"container\">\n\t\t\t\t<div class=\"elementor-element elementor-element-1bb84a3 elementor-widget elementor-widget-text-editor\" data-id=\"1bb84a3\" data-element_type=\"widget\" data-e-type=\"widget\" data-widget_type=\"text-editor.default\">\n\t\t\t\t<div class=\"elementor-widget-container\">\n\t\t\t\t\t\t\t\t\t<p>Cordes sur Ciel es una de las ciudades medievales m\u00e1s significativas de Francia, y uno de los enclaves patrimoniales de Europa.<br \/>Fue fundada en 1222 por el Conde de Toulouse. Es un aut\u00e9ntico libro de historia en el que ha permanecido viva la memoria de los hombres. <\/p>\n<p><\/p>\n<p><em>\u00abViajas durante a\u00f1os sin saber realmente lo que buscas, vagas entre el ruido, enredado en deseos o arrepentimientos, y de repente llegas a uno de esos dos o tres lugares que nos esperan a cada uno en este mundo. El viajero que, desde la terraza de Cordes, contempla la noche de verano, sabe que no necesita ir m\u00e1s lejos y que, si lo desea, la belleza de este lugar, d\u00eda tras d\u00eda, le arrancar\u00e1 de toda soledad\u00bb.<strong>(Albert Camus<\/strong>)<\/em><\/p>\n<p><\/p>\n<p>Pasear por las calles y cruzar los umbrales es como viajar a trav\u00e9s de los siglos!<br \/>Oficina de Turismo de Cordes: 05 63 56 00 52 <a href=\"http:\/\/www.cordessurciel.fr\/\" target=\"_blank\" rel=\"noopener\">www.cordessurciel.fr <\/a> <\/p>\t\t\t\t\t\t\t\t<\/div>\n\t\t\t\t<\/div>\n\t\t\t\t<\/div>\n\t\t<div class=\"elementor-element elementor-element-7fcb62c e-con-full e-flex e-con e-child\" data-id=\"7fcb62c\" data-element_type=\"container\" data-e-type=\"container\">\n\t\t\t\t<div class=\"elementor-element elementor-element-c6a5e89 elementor-widget elementor-widget-image\" data-id=\"c6a5e89\" data-element_type=\"widget\" data-e-type=\"widget\" data-widget_type=\"image.default\">\n\t\t\t\t<div class=\"elementor-widget-container\">\n\t\t\t\t\t\t\t\t\t\t\t\t\t\t\t<img loading=\"lazy\" decoding=\"async\" width=\"505\" height=\"337\" src=\"https:\/\/www.domainedubuc.com\/wp-content\/uploads\/2016\/02\/Bastide6.jpg\" class=\"attachment-large size-large wp-image-4944\" alt=\"ruelle Cordes sur Ciel, Bastide Albigeoise\" srcset=\"https:\/\/www.domainedubuc.com\/wp-content\/uploads\/2016\/02\/Bastide6.jpg 505w, https:\/\/www.domainedubuc.com\/wp-content\/uploads\/2016\/02\/Bastide6-300x200.jpg 300w, https:\/\/www.domainedubuc.com\/wp-content\/uploads\/2016\/02\/Bastide6-319x213.jpg 319w\" sizes=\"auto, (max-width: 505px) 100vw, 505px\" \/>\t\t\t\t\t\t\t\t\t\t\t\t\t\t\t<\/div>\n\t\t\t\t<\/div>\n\t\t\t\t<\/div>\n\t\t\t\t\t<\/div>\n\t\t\t\t<\/div>\n\t\t<div class=\"elementor-element elementor-element-0a2eb51 e-flex e-con-boxed e-con e-parent\" data-id=\"0a2eb51\" data-element_type=\"container\" data-e-type=\"container\">\n\t\t\t\t\t<div class=\"e-con-inner\">\n\t\t\t\t<div class=\"elementor-element elementor-element-716a816 elementor-widget elementor-widget-heading\" data-id=\"716a816\" data-element_type=\"widget\" data-e-type=\"widget\" data-widget_type=\"heading.default\">\n\t\t\t\t<div class=\"elementor-widget-container\">\n\t\t\t\t\t<h2 class=\"elementor-heading-title elementor-size-default\">En la tierra de las Bastidas,<\/h2>\t\t\t\t<\/div>\n\t\t\t\t<\/div>\n\t\t\t\t\t<\/div>\n\t\t\t\t<\/div>\n\t\t<div class=\"elementor-element elementor-element-7d96a30 e-flex e-con-boxed e-con e-parent\" data-id=\"7d96a30\" data-element_type=\"container\" data-e-type=\"container\">\n\t\t\t\t\t<div class=\"e-con-inner\">\n\t\t<div class=\"elementor-element elementor-element-ed7454d e-con-full e-flex e-con e-child\" data-id=\"ed7454d\" data-element_type=\"container\" data-e-type=\"container\">\n\t\t\t\t<div class=\"elementor-element elementor-element-e4ff75c elementor-widget elementor-widget-image\" data-id=\"e4ff75c\" data-element_type=\"widget\" data-e-type=\"widget\" data-widget_type=\"image.default\">\n\t\t\t\t<div class=\"elementor-widget-container\">\n\t\t\t\t\t\t\t\t\t\t\t\t\t\t\t<img loading=\"lazy\" decoding=\"async\" width=\"587\" height=\"479\" src=\"https:\/\/www.domainedubuc.com\/wp-content\/uploads\/2016\/02\/Bastide1.jpg\" class=\"attachment-large size-large wp-image-4939\" alt=\"Puycelsi, Bastide albigeoise\" srcset=\"https:\/\/www.domainedubuc.com\/wp-content\/uploads\/2016\/02\/Bastide1.jpg 587w, https:\/\/www.domainedubuc.com\/wp-content\/uploads\/2016\/02\/Bastide1-300x245.jpg 300w\" sizes=\"auto, (max-width: 587px) 100vw, 587px\" \/>\t\t\t\t\t\t\t\t\t\t\t\t\t\t\t<\/div>\n\t\t\t\t<\/div>\n\t\t\t\t<\/div>\n\t\t<div class=\"elementor-element elementor-element-96ce6a5 e-con-full e-flex e-con e-child\" data-id=\"96ce6a5\" data-element_type=\"container\" data-e-type=\"container\">\n\t\t\t\t<div class=\"elementor-element elementor-element-e7d71b8 elementor-widget elementor-widget-text-editor\" data-id=\"e7d71b8\" data-element_type=\"widget\" data-e-type=\"widget\" data-widget_type=\"text-editor.default\">\n\t\t\t\t<div class=\"elementor-widget-container\">\n\t\t\t\t\t\t\t\t\t<p>Cordes, R\u00e9almont, <strong>Castelnau de Montmiral, Puycelsi y Lisle-sur-Tarn<\/strong> ofrecen paseos ilimitados. Pueblos de luces y sombras, descubre algunos de los Pueblos M\u00e1s Bonitos de Francia. <\/p>\n<p><\/p>\n<p><strong>Castelnau du Montmiral<\/strong>: Fundada en 1222, esta ciudad fortificada presenta un conjunto de casas antiguas y calles estrechas alrededor de una plaza central.<\/p>\n<p><\/p>\n<p><strong>Puycelsi:<\/strong> es un pueblo medieval construido sobre una enorme roca que domina el r\u00edo V\u00e8re. Las murallas est\u00e1n flanqueadas por 2 torres y atravesadas por 2 puertas fortificadas. Es un lugar agradable para pasear y disfrutar de las hermosas vistas sobre el valle.  <\/p>\n<p><\/p>\n<p><strong>Penne<\/strong>: Alrededor de los restos del castillo, verdadero nido de \u00e1guila encaramado en un espol\u00f3n rocoso que domina el valle del Aveyron, el pueblo ha conservado su aspecto medieval. Con su silueta tan caracter\u00edstica, es una de las vistas m\u00e1s rom\u00e1nticas del Tarn. <\/p>\n<p><\/p>\n<p><strong>Bruniquel<\/strong>: Antigua y pr\u00f3spera ciudad comercial, donde se comerciaba sobre todo con azafr\u00e1n. Visita el castillo y la magn\u00edfica torre del homenaje del siglo XII. Bruniquel fue el escenario de la pel\u00edcula \u00abLe vieux Fusil\u00bb, protagonizada por Romy Schneider y Philippe Noiret.  <\/p>\n<p><\/p>\n<p> <\/p>\t\t\t\t\t\t\t\t<\/div>\n\t\t\t\t<\/div>\n\t\t\t\t<\/div>\n\t\t\t\t\t<\/div>\n\t\t\t\t<\/div>\n\t\t<div class=\"elementor-element elementor-element-02e9249 e-flex e-con-boxed e-con e-parent\" data-id=\"02e9249\" data-element_type=\"container\" data-e-type=\"container\">\n\t\t\t\t\t<div class=\"e-con-inner\">\n\t\t<div class=\"elementor-element elementor-element-1ff235f e-con-full e-flex e-con e-child\" data-id=\"1ff235f\" data-element_type=\"container\" data-e-type=\"container\">\n\t\t\t\t<div class=\"elementor-element elementor-element-139edd3 elementor-widget elementor-widget-image\" data-id=\"139edd3\" data-element_type=\"widget\" data-e-type=\"widget\" data-widget_type=\"image.default\">\n\t\t\t\t<div class=\"elementor-widget-container\">\n\t\t\t\t\t\t\t\t\t\t\t\t\t\t\t<img decoding=\"async\" width=\"800\" height=\"374\" src=\"https:\/\/www.domainedubuc.com\/wp-content\/uploads\/2016\/02\/Cordes-H-1024x479.jpg\" class=\"attachment-large size-large wp-image-15169\" alt=\"cordes sur ciel, olus beau village de France\" loading=\"lazy\" srcset=\"https:\/\/www.domainedubuc.com\/wp-content\/uploads\/2016\/02\/Cordes-H-1024x479.jpg 1024w, https:\/\/www.domainedubuc.com\/wp-content\/uploads\/2016\/02\/Cordes-H-300x140.jpg 300w, https:\/\/www.domainedubuc.com\/wp-content\/uploads\/2016\/02\/Cordes-H.jpg 1280w\" sizes=\"auto, (max-width: 800px) 100vw, 800px\" \/>\t\t\t\t\t\t\t\t\t\t\t\t\t\t\t<\/div>\n\t\t\t\t<\/div>\n\t\t\t\t<\/div>\n\t\t<div class=\"elementor-element elementor-element-442dc33 e-con-full e-flex e-con e-child\" data-id=\"442dc33\" data-element_type=\"container\" data-e-type=\"container\">\n\t\t\t\t<div class=\"elementor-element elementor-element-5b03f3a elementor-widget elementor-widget-image\" data-id=\"5b03f3a\" data-element_type=\"widget\" data-e-type=\"widget\" data-widget_type=\"image.default\">\n\t\t\t\t<div class=\"elementor-widget-container\">\n\t\t\t\t\t\t\t\t\t\t\t\t\t\t\t<img decoding=\"async\" width=\"692\" height=\"470\" src=\"https:\/\/www.domainedubuc.com\/wp-content\/uploads\/2016\/02\/Bastide2.jpg\" class=\"attachment-large size-large wp-image-4940\" alt=\"Castelnau de Montmiral, Bastide albigeoise\" loading=\"lazy\" srcset=\"https:\/\/www.domainedubuc.com\/wp-content\/uploads\/2016\/02\/Bastide2.jpg 692w, https:\/\/www.domainedubuc.com\/wp-content\/uploads\/2016\/02\/Bastide2-300x204.jpg 300w\" sizes=\"auto, (max-width: 692px) 100vw, 692px\" \/>\t\t\t\t\t\t\t\t\t\t\t\t\t\t\t<\/div>\n\t\t\t\t<\/div>\n\t\t\t\t<\/div>\n\t\t\t\t\t<\/div>\n\t\t\t\t<\/div>\n\t\t\t\t<\/div>\n\t\t","protected":false},"excerpt":{"rendered":"<p>Cordes-sur-ciel, uno de los pueblos m\u00e1s bonitos de Francia Cordes sur Ciel es una de las ciudades medievales m\u00e1s significativas de Francia, y uno de los enclaves patrimoniales de Europa.Fue fundada en 1222 por el Conde de Toulouse. Es un aut\u00e9ntico libro de historia en el que ha permanecido viva la memoria de los hombres. [&hellip;]<\/p>\n","protected":false},"author":6,"featured_media":15169,"parent":0,"menu_order":0,"comment_status":"closed","ping_status":"closed","template":"","meta":{"_acf_changed":false,"inline_featured_image":false,"footnotes":""},"class_list":["post-15166","page","type-page","status-publish","has-post-thumbnail","hentry"],"acf":[],"_links":{"self":[{"href":"https:\/\/www.domainedubuc.com\/es\/wp-json\/wp\/v2\/pages\/15166","targetHints":{"allow":["GET"]}}],"collection":[{"href":"https:\/\/www.domainedubuc.com\/es\/wp-json\/wp\/v2\/pages"}],"about":[{"href":"https:\/\/www.domainedubuc.com\/es\/wp-json\/wp\/v2\/types\/page"}],"author":[{"embeddable":true,"href":"https:\/\/www.domainedubuc.com\/es\/wp-json\/wp\/v2\/users\/6"}],"replies":[{"embeddable":true,"href":"https:\/\/www.domainedubuc.com\/es\/wp-json\/wp\/v2\/comments?post=15166"}],"version-history":[{"count":1,"href":"https:\/\/www.domainedubuc.com\/es\/wp-json\/wp\/v2\/pages\/15166\/revisions"}],"predecessor-version":[{"id":15176,"href":"https:\/\/www.domainedubuc.com\/es\/wp-json\/wp\/v2\/pages\/15166\/revisions\/15176"}],"wp:featuredmedia":[{"embeddable":true,"href":"https:\/\/www.domainedubuc.com\/es\/wp-json\/wp\/v2\/media\/15169"}],"wp:attachment":[{"href":"https:\/\/www.domainedubuc.com\/es\/wp-json\/wp\/v2\/media?parent=15166"}],"curies":[{"name":"wp","href":"https:\/\/api.w.org\/{rel}","templated":true}]}}

<div data-elementor-type="wp-page" data-elementor-id="15166" class="elementor elementor-15166 elementor-12853" data-elementor-post-type="page">
				<div class="elementor-element elementor-element-20b062d e-flex e-con-boxed e-con e-parent" data-id="20b062d" data-element_type="container" data-e-type="container">
					<div class="e-con-inner">
				<div class="elementor-element elementor-element-95aca1d elementor-widget elementor-widget-heading" data-id="95aca1d" data-element_type="widget" data-e-type="widget" data-widget_type="heading.default">
				<div class="elementor-widget-container">
					<h2 class="elementor-heading-title elementor-size-default">Cordes-sur-ciel, uno de los pueblos más bonitos de Francia</h2>				</div>
				</div>
					</div>
				</div>
		<div class="elementor-element elementor-element-62b3ea6 e-flex e-con-boxed e-con e-parent" data-id="62b3ea6" data-element_type="container" data-e-type="container">
					<div class="e-con-inner">
		<div class="elementor-element elementor-element-b944462 e-con-full e-flex e-con e-child" data-id="b944462" data-element_type="container" data-e-type="container">
				<div class="elementor-element elementor-element-1bb84a3 elementor-widget elementor-widget-text-editor" data-id="1bb84a3" data-element_type="widget" data-e-type="widget" data-widget_type="text-editor.default">
				<div class="elementor-widget-container">
									<p>Cordes sur Ciel es una de las ciudades medievales más significativas de Francia, y uno de los enclaves patrimoniales de Europa.<br />Fue fundada en 1222 por el Conde de Toulouse. Es un auténtico libro de historia en el que ha permanecido viva la memoria de los hombres. </p>
<p></p>
<p><em>«Viajas durante años sin saber realmente lo que buscas, vagas entre el ruido, enredado en deseos o arrepentimientos, y de repente llegas a uno de esos dos o tres lugares que nos esperan a cada uno en este mundo. El viajero que, desde la terraza de Cordes, contempla la noche de verano, sabe que no necesita ir más lejos y que, si lo desea, la belleza de este lugar, día tras día, le arrancará de toda soledad».<strong>(Albert Camus</strong>)</em></p>
<p></p>
<p>Pasear por las calles y cruzar los umbrales es como viajar a través de los siglos!<br />Oficina de Turismo de Cordes: 05 63 56 00 52 <a href="http://www.cordessurciel.fr/" target="_blank" rel="noopener">www.cordessurciel.fr </a> </p>								</div>
				</div>
				</div>
		<div class="elementor-element elementor-element-7fcb62c e-con-full e-flex e-con e-child" data-id="7fcb62c" data-element_type="container" data-e-type="container">
				<div class="elementor-element elementor-element-c6a5e89 elementor-widget elementor-widget-image" data-id="c6a5e89" data-element_type="widget" data-e-type="widget" data-widget_type="image.default">
				<div class="elementor-widget-container">
															<img loading="lazy" decoding="async" width="505" height="337" src="https://www.domainedubuc.com/wp-content/uploads/2016/02/Bastide6.jpg" class="attachment-large size-large wp-image-4944" alt="ruelle Cordes sur Ciel, Bastide Albigeoise" srcset="https://www.domainedubuc.com/wp-content/uploads/2016/02/Bastide6.jpg 505w, https://www.domainedubuc.com/wp-content/uploads/2016/02/Bastide6-300x200.jpg 300w, https://www.domainedubuc.com/wp-content/uploads/2016/02/Bastide6-319x213.jpg 319w" sizes="auto, (max-width: 505px) 100vw, 505px" />															</div>
				</div>
				</div>
					</div>
				</div>
		<div class="elementor-element elementor-element-0a2eb51 e-flex e-con-boxed e-con e-parent" data-id="0a2eb51" data-element_type="container" data-e-type="container">
					<div class="e-con-inner">
				<div class="elementor-element elementor-element-716a816 elementor-widget elementor-widget-heading" data-id="716a816" data-element_type="widget" data-e-type="widget" data-widget_type="heading.default">
				<div class="elementor-widget-container">
					<h2 class="elementor-heading-title elementor-size-default">En la tierra de las Bastidas,</h2>				</div>
				</div>
					</div>
				</div>
		<div class="elementor-element elementor-element-7d96a30 e-flex e-con-boxed e-con e-parent" data-id="7d96a30" data-element_type="container" data-e-type="container">
					<div class="e-con-inner">
		<div class="elementor-element elementor-element-ed7454d e-con-full e-flex e-con e-child" data-id="ed7454d" data-element_type="container" data-e-type="container">
				<div class="elementor-element elementor-element-e4ff75c elementor-widget elementor-widget-image" data-id="e4ff75c" data-element_type="widget" data-e-type="widget" data-widget_type="image.default">
				<div class="elementor-widget-container">
															<img loading="lazy" decoding="async" width="587" height="479" src="https://www.domainedubuc.com/wp-content/uploads/2016/02/Bastide1.jpg" class="attachment-large size-large wp-image-4939" alt="Puycelsi, Bastide albigeoise" srcset="https://www.domainedubuc.com/wp-content/uploads/2016/02/Bastide1.jpg 587w, https://www.domainedubuc.com/wp-content/uploads/2016/02/Bastide1-300x245.jpg 300w" sizes="auto, (max-width: 587px) 100vw, 587px" />															</div>
				</div>
				</div>
		<div class="elementor-element elementor-element-96ce6a5 e-con-full e-flex e-con e-child" data-id="96ce6a5" data-element_type="container" data-e-type="container">
				<div class="elementor-element elementor-element-e7d71b8 elementor-widget elementor-widget-text-editor" data-id="e7d71b8" data-element_type="widget" data-e-type="widget" data-widget_type="text-editor.default">
				<div class="elementor-widget-container">
									<p>Cordes, Réalmont, <strong>Castelnau de Montmiral, Puycelsi y Lisle-sur-Tarn</strong> ofrecen paseos ilimitados. Pueblos de luces y sombras, descubre algunos de los Pueblos Más Bonitos de Francia. </p>
<p></p>
<p><strong>Castelnau du Montmiral</strong>: Fundada en 1222, esta ciudad fortificada presenta un conjunto de casas antiguas y calles estrechas alrededor de una plaza central.</p>
<p></p>
<p><strong>Puycelsi:</strong> es un pueblo medieval construido sobre una enorme roca que domina el río Vère. Las murallas están flanqueadas por 2 torres y atravesadas por 2 puertas fortificadas. Es un lugar agradable para pasear y disfrutar de las hermosas vistas sobre el valle.  </p>
<p></p>
<p><strong>Penne</strong>: Alrededor de los restos del castillo, verdadero nido de águila encaramado en un espolón rocoso que domina el valle del Aveyron, el pueblo ha conservado su aspecto medieval. Con su silueta tan característica, es una de las vistas más románticas del Tarn. </p>
<p></p>
<p><strong>Bruniquel</strong>: Antigua y próspera ciudad comercial, donde se comerciaba sobre todo con azafrán. Visita el castillo y la magnífica torre del homenaje del siglo XII. Bruniquel fue el escenario de la película «Le vieux Fusil», protagonizada por Romy Schneider y Philippe Noiret.  </p>
<p></p>
<p> </p>								</div>
				</div>
				</div>
					</div>
				</div>
		<div class="elementor-element elementor-element-02e9249 e-flex e-con-boxed e-con e-parent" data-id="02e9249" data-element_type="container" data-e-type="container">
					<div class="e-con-inner">
		<div class="elementor-element elementor-element-1ff235f e-con-full e-flex e-con e-child" data-id="1ff235f" data-element_type="container" data-e-type="container">
				<div class="elementor-element elementor-element-139edd3 elementor-widget elementor-widget-image" data-id="139edd3" data-element_type="widget" data-e-type="widget" data-widget_type="image.default">
				<div class="elementor-widget-container">
															<img decoding="async" width="800" height="374" src="https://www.domainedubuc.com/wp-content/uploads/2016/02/Cordes-H-1024x479.jpg" class="attachment-large size-large wp-image-15169" alt="cordes sur ciel, olus beau village de France" loading="lazy" srcset="https://www.domainedubuc.com/wp-content/uploads/2016/02/Cordes-H-1024x479.jpg 1024w, https://www.domainedubuc.com/wp-content/uploads/2016/02/Cordes-H-300x140.jpg 300w, https://www.domainedubuc.com/wp-content/uploads/2016/02/Cordes-H.jpg 1280w" sizes="auto, (max-width: 800px) 100vw, 800px" />															</div>
				</div>
				</div>
		<div class="elementor-element elementor-element-442dc33 e-con-full e-flex e-con e-child" data-id="442dc33" data-element_type="container" data-e-type="container">
				<div class="elementor-element elementor-element-5b03f3a elementor-widget elementor-widget-image" data-id="5b03f3a" data-element_type="widget" data-e-type="widget" data-widget_type="image.default">
				<div class="elementor-widget-container">
															<img decoding="async" width="692" height="470" src="https://www.domainedubuc.com/wp-content/uploads/2016/02/Bastide2.jpg" class="attachment-large size-large wp-image-4940" alt="Castelnau de Montmiral, Bastide albigeoise" loading="lazy" srcset="https://www.domainedubuc.com/wp-content/uploads/2016/02/Bastide2.jpg 692w, https://www.domainedubuc.com/wp-content/uploads/2016/02/Bastide2-300x204.jpg 300w" sizes="auto, (max-width: 692px) 100vw, 692px" />															</div>
				</div>
				</div>
					</div>
				</div>
				</div>

<p>Cordes-sur-ciel, uno de los pueblos más bonitos de Francia Cordes sur Ciel es una de las ciudades medievales más significativas de Francia, y uno de los enclaves patrimoniales de Europa.Fue fundada en 1222 por el Conde de Toulouse. Es un auténtico libro de historia en el que ha permanecido viva la memoria de los hombres. [&hellip;]</p>
